{"id":500,"date":"2025-05-26T12:37:45","date_gmt":"2025-05-26T12:37:45","guid":{"rendered":"https:\/\/planos.redeintersoft.com.br\/?page_id=500"},"modified":"2026-03-07T00:05:21","modified_gmt":"2026-03-07T00:05:21","slug":"planos-lp","status":"publish","type":"page","link":"https:\/\/planos.redeintersoft.com.br\/index.php\/planos-lp\/","title":{"rendered":"Planos Intersoft"},"content":{"rendered":"<p><img fetchpriority=\"high\" decoding=\"async\" width=\"411\" height=\"150\" src=\"https:\/\/planos.redeintersoft.com.br\/wp-content\/uploads\/2024\/11\/Logotipo.png\" alt=\"\" srcset=\"https:\/\/planos.redeintersoft.com.br\/wp-content\/uploads\/2024\/11\/Logotipo.png 411w, https:\/\/planos.redeintersoft.com.br\/wp-content\/uploads\/2024\/11\/Logotipo-300x109.png 300w\" sizes=\"(max-width: 411px) 100vw, 411px\" \/>\t\t\t\t\t\t\t\t\t\t\t\t\t\t\t<\/p>\n<h2>Mutans &#8211; Mania\u00e7u &#8211; Morrinhos<\/h2>\n<h1>Internet de alta performance<\/h1>\n<p>\t\t\t\t\t<a href=\"#form-distrito\"><br \/>\n\t\t\t\t\t\t\t\t\tConhe\u00e7a os planos<br \/>\n\t\t\t\t\t<\/a><br \/>\n\t\t\t\t\t\t\t\t\t\t\t\t\t\t\t<img decoding=\"async\" width=\"731\" height=\"486\" src=\"https:\/\/planos.redeintersoft.com.br\/wp-content\/uploads\/2025\/05\/cidades.png\" alt=\"\" srcset=\"https:\/\/planos.redeintersoft.com.br\/wp-content\/uploads\/2025\/05\/cidades.png 731w, https:\/\/planos.redeintersoft.com.br\/wp-content\/uploads\/2025\/05\/cidades-300x199.png 300w\" sizes=\"(max-width: 731px) 100vw, 731px\" \/>\t\t\t\t\t\t\t\t\t\t\t\t\t\t\t<\/p>\n<h1>Encontre o plano perfeito<br \/>\npara voc\u00ea e sua fam\u00edlia.<\/h1>\n<h2>Plano Lite<\/h2>\n<h2>200 mega<\/h2>\n<p>Ideal para o uso di\u00e1rio, navegue, estude e trabalhe com velocidade e estabilidade.<\/p>\n<p>\t\t\t\t\t<a href=\"https:\/\/api.whatsapp.com\/send?phone=+5577999155640&#038;text=Ol%C3%A1!%20Gostaria%20de%20assinar%20um%20plano!\"><br \/>\n\t\t\t\t\t\t\t\t\tAssine por R$ 59,90<br \/>\n\t\t\t\t\t<\/a><\/p>\n<ul>\n<li>\n\t\t\t\t\t\t\t\t\t\tIntersoft TV\n\t\t\t\t\t\t\t\t\t<\/li>\n<li>\n\t\t\t\t\t\t\t\t\t\tRoteador Wi-Fi Incluso\n\t\t\t\t\t\t\t\t\t<\/li>\n<li>\n\t\t\t\t\t\t\t\t\t\tInstala\u00e7\u00e3o Gratuita\n\t\t\t\t\t\t\t\t\t<\/li>\n<li>\n\t\t\t\t\t\t\t\t\t\tSuporte 24\/7\n\t\t\t\t\t\t\t\t\t<\/li>\n<\/ul>\n<h2>Plano Flash<\/h2>\n<h2>300 mega<\/h2>\n<p>Ideal para o uso di\u00e1rio, navegue, estude e trabalhe com velocidade e estabilidade.<\/p>\n<p>\t\t\t\t\t<a href=\"https:\/\/api.whatsapp.com\/send?phone=+5577999155640&#038;text=Ol%C3%A1!%20Gostaria%20de%20assinar%20um%20plano!\"><br \/>\n\t\t\t\t\t\t\t\t\tAssine por R$ 74,90<br \/>\n\t\t\t\t\t<\/a><\/p>\n<ul>\n<li>\n\t\t\t\t\t\t\t\t\t\tIntersoft TV\n\t\t\t\t\t\t\t\t\t<\/li>\n<li>\n\t\t\t\t\t\t\t\t\t\tRoteador Wi-Fi Incluso\n\t\t\t\t\t\t\t\t\t<\/li>\n<li>\n\t\t\t\t\t\t\t\t\t\tInstala\u00e7\u00e3o Gratuita\n\t\t\t\t\t\t\t\t\t<\/li>\n<li>\n\t\t\t\t\t\t\t\t\t\tSuporte 24\/7\n\t\t\t\t\t\t\t\t\t<\/li>\n<li>\n\t\t\t\t\t\t\t\t\t\tParamount +\n\t\t\t\t\t\t\t\t\t<\/li>\n<\/ul>\n<h2>Plano Turbo<\/h2>\n<h2>400 mega<\/h2>\n<p>Ideal para o uso di\u00e1rio, navegue, estude e trabalhe com velocidade e estabilidade.<\/p>\n<p>\t\t\t\t\t<a href=\"https:\/\/api.whatsapp.com\/send?phone=+5577999155640&#038;text=Ol%C3%A1!%20Gostaria%20de%20assinar%20um%20plano!\"><br \/>\n\t\t\t\t\t\t\t\t\tAssine por R$ 89,90<br \/>\n\t\t\t\t\t<\/a><\/p>\n<ul>\n<li>\n\t\t\t\t\t\t\t\t\t\tIntersoft TV\n\t\t\t\t\t\t\t\t\t<\/li>\n<li>\n\t\t\t\t\t\t\t\t\t\tRoteador Wi-Fi Incluso\n\t\t\t\t\t\t\t\t\t<\/li>\n<li>\n\t\t\t\t\t\t\t\t\t\tInstala\u00e7\u00e3o Gratuita\n\t\t\t\t\t\t\t\t\t<\/li>\n<li>\n\t\t\t\t\t\t\t\t\t\tSuporte 24\/7\n\t\t\t\t\t\t\t\t\t<\/li>\n<li>\n\t\t\t\t\t\t\t\t\t\tParamount +\n\t\t\t\t\t\t\t\t\t<\/li>\n<\/ul>\n<h2>Plano <b>Ultra<\/b><\/h2>\n<h2>500 mega<\/h2>\n<p>Ideal para o uso di\u00e1rio, navegue, estude e trabalhe com velocidade e estabilidade.<\/p>\n<p>\t\t\t\t\t<a href=\"https:\/\/api.whatsapp.com\/send?phone=+5577999155640&#038;text=Ol%C3%A1!%20Gostaria%20de%20assinar%20um%20plano!\"><br \/>\n\t\t\t\t\t\t\t\t\tAssine por R$ 129,90<br \/>\n\t\t\t\t\t<\/a><\/p>\n<ul>\n<li>\n\t\t\t\t\t\t\t\t\t\tIntersoft TV\n\t\t\t\t\t\t\t\t\t<\/li>\n<li>\n\t\t\t\t\t\t\t\t\t\tRoteador Wi-Fi Incluso\n\t\t\t\t\t\t\t\t\t<\/li>\n<li>\n\t\t\t\t\t\t\t\t\t\tInstala\u00e7\u00e3o Gratuita\n\t\t\t\t\t\t\t\t\t<\/li>\n<li>\n\t\t\t\t\t\t\t\t\t\tSuporte 24\/7\n\t\t\t\t\t\t\t\t\t<\/li>\n<li>\n\t\t\t\t\t\t\t\t\t\tParamount +\n\t\t\t\t\t\t\t\t\t<\/li>\n<li>\n\t\t\t\t\t\t\t\t\t\tMAX\n\t\t\t\t\t\t\t\t\t<\/li>\n<\/ul>\n<p>\t\t\t\t\t<a href=\"https:\/\/www.facebook.com\/redeintersoft\/?locale=pt_BR\" target=\"_blank\"><br \/>\n\t\t\t\t\t\tFacebook<br \/>\n\t\t\t\t\t\t\t\t\t\t\t<\/a><br \/>\n\t\t\t\t\t<a href=\"https:\/\/api.whatsapp.com\/send?phone=+5577998605050&#038;text=Vim%20da%20Landing%20Page%20da%20Feira%20de%20Neg%C3%B3cios.%20E%20gostaria%20de%20mais%20informa%C3%A7%C3%B5es.\" target=\"_blank\"><br \/>\n\t\t\t\t\t\tWhatsapp<br \/>\n\t\t\t\t\t\t\t\t\t\t\t<\/a><br \/>\n\t\t\t\t\t<a href=\"https:\/\/www.instagram.com\/redeintersoft\" target=\"_blank\"><br \/>\n\t\t\t\t\t\tInstagram<br \/>\n\t\t\t\t\t\t\t\t\t\t\t<\/a><br \/>\n\t\t\t\t\t\t\t\t\t\t\t\t\t\t\t<img fetchpriority=\"high\" decoding=\"async\" width=\"411\" height=\"150\" src=\"https:\/\/planos.redeintersoft.com.br\/wp-content\/uploads\/2024\/11\/Logotipo.png\" alt=\"\" srcset=\"https:\/\/planos.redeintersoft.com.br\/wp-content\/uploads\/2024\/11\/Logotipo.png 411w, https:\/\/planos.redeintersoft.com.br\/wp-content\/uploads\/2024\/11\/Logotipo-300x109.png 300w\" sizes=\"(max-width: 411px) 100vw, 411px\" \/>\t\t\t\t\t\t\t\t\t\t\t\t\t\t\t<\/p>\n<h3>Cacul\u00e9 &#8211; Caetit\u00e9 &#8211; Brumado<br \/>\nGuanambi &#8211; Matina &#8211; Pinda\u00ed<\/h3>\n<p>\t\t\t\t\t<a href=\"https:\/\/www.facebook.com\/redeintersoft\" target=\"_blank\"><br \/>\n\t\t\t\t\t\tFacebook<br \/>\n\t\t\t\t\t\t\t\t\t\t\t<\/a><br \/>\n\t\t\t\t\t<a href=\"https:\/\/www.instagram.com\/redeintersoft\" target=\"_blank\"><br \/>\n\t\t\t\t\t\tInstagram<br \/>\n\t\t\t\t\t\t\t\t\t\t\t<\/a><br \/>\n\t\t\t\t\t<a href=\"https:\/\/wa.me\/5577999155640\" target=\"_blank\"><br \/>\n\t\t\t\t\t\tWhatsapp<br \/>\n\t\t\t\t\t\t\t\t\t\t\t<\/a><\/p>\n","protected":false},"excerpt":{"rendered":"<p>Mutans &#8211; Mania\u00e7u &#8211; Morrinhos Internet de alta performance Conhe\u00e7a os planos Encontre o plano perfeito para voc\u00ea e sua fam\u00edlia. Plano Lite 200 mega Ideal para o uso di\u00e1rio, navegue, estude e trabalhe com velocidade e estabilidade. Assine por R$ 59,90 Intersoft TV Roteador Wi-Fi Incluso Instala\u00e7\u00e3o Gratuita Suporte 24\/7 Plano Flash 300 mega Ideal para o uso di\u00e1rio, navegue, estude e trabalhe com velocidade e estabilidade. Assine por R$ 74,90 Intersoft TV Roteador Wi-Fi Incluso Instala\u00e7\u00e3o Gratuita Suporte 24\/7 Paramount + Plano Turbo 400 mega Ideal para o uso di\u00e1rio, navegue, estude e trabalhe com velocidade e estabilidade. Assine por R$ 89,90 Intersoft TV Roteador Wi-Fi Incluso Instala\u00e7\u00e3o Gratuita Suporte 24\/7 Paramount + Plano Ultra 500 mega Ideal para o uso di\u00e1rio, navegue, estude e trabalhe com velocidade e estabilidade. Assine por R$ 129,90 Intersoft TV Roteador Wi-Fi Incluso Instala\u00e7\u00e3o Gratuita Suporte 24\/7 Paramount + MAX Facebook Whatsapp Instagram Cacul\u00e9 &#8211; Caetit\u00e9 &#8211; Brumado Guanambi &#8211; Matina &#8211; Pinda\u00ed Facebook Instagram Whatsapp<\/p>\n","protected":false},"author":2,"featured_media":0,"parent":0,"menu_order":0,"comment_status":"closed","ping_status":"closed","template":"elementor_canvas","meta":{"footnotes":""},"class_list":["post-500","page","type-page","status-publish","hentry"],"_links":{"self":[{"href":"https:\/\/planos.redeintersoft.com.br\/index.php\/wp-json\/wp\/v2\/pages\/500","targetHints":{"allow":["GET"]}}],"collection":[{"href":"https:\/\/planos.redeintersoft.com.br\/index.php\/wp-json\/wp\/v2\/pages"}],"about":[{"href":"https:\/\/planos.redeintersoft.com.br\/index.php\/wp-json\/wp\/v2\/types\/page"}],"author":[{"embeddable":true,"href":"https:\/\/planos.redeintersoft.com.br\/index.php\/wp-json\/wp\/v2\/users\/2"}],"replies":[{"embeddable":true,"href":"https:\/\/planos.redeintersoft.com.br\/index.php\/wp-json\/wp\/v2\/comments?post=500"}],"version-history":[{"count":14,"href":"https:\/\/planos.redeintersoft.com.br\/index.php\/wp-json\/wp\/v2\/pages\/500\/revisions"}],"predecessor-version":[{"id":524,"href":"https:\/\/planos.redeintersoft.com.br\/index.php\/wp-json\/wp\/v2\/pages\/500\/revisions\/524"}],"wp:attachment":[{"href":"https:\/\/planos.redeintersoft.com.br\/index.php\/wp-json\/wp\/v2\/media?parent=500"}],"curies":[{"name":"wp","href":"https:\/\/api.w.org\/{rel}","templated":true}]}}